{"id":1187,"date":"2019-08-14T14:50:07","date_gmt":"2019-08-14T14:50:07","guid":{"rendered":"https:\/\/vanha.saagatravel.fi\/?page_id=1187"},"modified":"2021-02-08T06:56:57","modified_gmt":"2021-02-08T06:56:57","slug":"laskutustiedot-2","status":"publish","type":"page","link":"https:\/\/vanha.saagatravel.fi\/?page_id=1187","title":{"rendered":"Laskutustiedot"},"content":{"rendered":"<p>[et_pb_section admin_label=&#8221;section&#8221;]<br \/>\n\t\t\t[et_pb_row admin_label=&#8221;row&#8221;]<br \/>\n\t\t\t\t[et_pb_column type=&#8221;4_4&#8243;][et_pb_text admin_label=&#8221;Text&#8221;]Olemme siirtyneet s\u00e4hk\u00f6iseen ostolaskujen k\u00e4sittelyyn. Siksi pyyd\u00e4mme toimittamaan kaikki meille osoitetut laskut verkkolaskuina seuraavaan osoitteeseen:<\/p>\n<p><strong>Verkkolaskuosoite<\/strong>: 003722133736<br \/>\n<strong>Operaattoritunnus<\/strong>: 003708599126<br \/>\n<strong>V\u00e4litt\u00e4j\u00e4<\/strong>: Liaison Technologies Oy<\/p>\n<p>Mik\u00e4li ette pysty toimittamaan laskuja verkkolaskuina, pyyd\u00e4mme toimittamaan laskut paperisena osoitteeseen:<\/p>\n<p>Saaga Travel Oy,<br \/>\nHakatie 15,<br \/>\n90440 Kempele<\/p>\n<p>Laskuja voi toimittaa my\u00f6s s\u00e4hk\u00f6postilla osoitteeseen myynti@saagatravel.fi<\/p>\n<p>Lis\u00e4tietoja antaa Sanna Kimpim\u00e4ki, sanna@saagatravel.fi, p.040 540 7880[\/et_pb_text][\/et_pb_column]<br \/>\n\t\t\t[\/et_pb_row]<br \/>\n\t\t[\/et_pb_section]<\/p>\n","protected":false},"excerpt":{"rendered":"<p>Olemme siirtyneet s\u00e4hk\u00f6iseen ostolaskujen k\u00e4sittelyyn. Siksi pyyd\u00e4mme toimittamaan kaikki meille osoitetut laskut verkkolaskuina seuraavaan osoitteeseen: Verkkolaskuosoite: 003722133736 Operaattoritunnus: 003708599126 V\u00e4litt\u00e4j\u00e4: Liaison Technologies Oy Mik\u00e4li ette pysty toimittamaan laskuja verkkolaskuina, pyyd\u00e4mme toimittamaan laskut paperisena osoitteeseen: Saaga Travel Oy, Hakatie 15, 90440 Kempele Laskuja voi toimittaa my\u00f6s s\u00e4hk\u00f6postilla osoitteeseen myynti@saagatravel.fi Lis\u00e4tietoja antaa Sanna Kimpim\u00e4ki, sanna@saagatravel.fi, p.040 540 [&hellip;]<\/p>\n","protected":false},"author":1,"featured_media":0,"parent":0,"menu_order":0,"comment_status":"closed","ping_status":"closed","template":"","meta":{"_et_pb_use_builder":"on","_et_pb_old_content":"Olemme siirtyneet s\u00e4hk\u00f6iseen ostolaskujen k\u00e4sittelyyn. Siksi pyyd\u00e4mme toimittamaan kaikki meille osoitetut laskut verkkolaskuina seuraavaan osoitteeseen:\n\n<strong>Verkkolaskuosoite<\/strong>: 003722133736\n<strong>Operaattoritunnus<\/strong>: 003708599126\n<strong>V\u00e4litt\u00e4j\u00e4<\/strong>: Liaison Technologies Oy\n\nMik\u00e4li ette pysty toimittamaan laskuja verkkolaskuina, pyyd\u00e4mme toimittamaan laskut paperisena osoitteeseen:\n\nSaaga Travel Oy,\nHakatie 15,\n90440 Kempele\n\nLaskuja voi toimittaa my\u00f6s s\u00e4hk\u00f6postilla osoitteeseen myynti@saagatravel.fi\n\nLis\u00e4tietoja antaa Sanna Kimpim\u00e4ki, sanna@saagatravel.fi, p.040 540 7880","_et_gb_content_width":"","footnotes":""},"class_list":["post-1187","page","type-page","status-publish","hentry"],"yoast_head":"<!-- This site is optimized with the Yoast SEO plugin v25.6 - https:\/\/yoast.com\/wordpress\/plugins\/seo\/ -->\n<title>Laskutustiedot - Saaga Travel<\/title>\n<meta name=\"robots\" content=\"noindex, follow, max-snippet:-1, max-image-preview:large, max-video-preview:-1\" \/>\n<meta property=\"og:locale\" content=\"fi_FI\" \/>\n<meta property=\"og:type\" content=\"article\" \/>\n<meta property=\"og:title\" content=\"Laskutustiedot - Saaga Travel\" \/>\n<meta property=\"og:description\" content=\"Olemme siirtyneet s\u00e4hk\u00f6iseen ostolaskujen k\u00e4sittelyyn. Siksi pyyd\u00e4mme toimittamaan kaikki meille osoitetut laskut verkkolaskuina seuraavaan osoitteeseen: Verkkolaskuosoite: 003722133736 Operaattoritunnus: 003708599126 V\u00e4litt\u00e4j\u00e4: Liaison Technologies Oy Mik\u00e4li ette pysty toimittamaan laskuja verkkolaskuina, pyyd\u00e4mme toimittamaan laskut paperisena osoitteeseen: Saaga Travel Oy, Hakatie 15, 90440 Kempele Laskuja voi toimittaa my\u00f6s s\u00e4hk\u00f6postilla osoitteeseen myynti@saagatravel.fi Lis\u00e4tietoja antaa Sanna Kimpim\u00e4ki, sanna@saagatravel.fi, p.040 540 [&hellip;]\" \/>\n<meta property=\"og:url\" content=\"https:\/\/vanha.saagatravel.fi\/?page_id=1187\" \/>\n<meta property=\"og:site_name\" content=\"Saaga Travel\" \/>\n<meta property=\"article:publisher\" content=\"https:\/\/www.facebook.com\/saagatravel\/\" \/>\n<meta property=\"article:modified_time\" content=\"2021-02-08T06:56:57+00:00\" \/>\n<meta property=\"og:image\" content=\"https:\/\/vanha.saagatravel.fi\/wp-content\/uploads\/2019\/07\/Tilausajot-Bussi-Oulu-Saaga-Travel.jpg\" \/>\n\t<meta property=\"og:image:width\" content=\"1200\" \/>\n\t<meta property=\"og:image:height\" content=\"900\" \/>\n\t<meta property=\"og:image:type\" content=\"image\/jpeg\" \/>\n<meta name=\"twitter:card\" content=\"summary_large_image\" \/>\n<meta name=\"twitter:label1\" content=\"Arvioitu lukuaika\" \/>\n\t<meta name=\"twitter:data1\" content=\"1 minuutti\" \/>\n<script type=\"application\/ld+json\" class=\"yoast-schema-graph\">{\"@context\":\"https:\/\/schema.org\",\"@graph\":[{\"@type\":\"WebPage\",\"@id\":\"https:\/\/vanha.saagatravel.fi\/?page_id=1187\",\"url\":\"https:\/\/vanha.saagatravel.fi\/?page_id=1187\",\"name\":\"Laskutustiedot - Saaga Travel\",\"isPartOf\":{\"@id\":\"https:\/\/vanha.saagatravel.fi\/#website\"},\"datePublished\":\"2019-08-14T14:50:07+00:00\",\"dateModified\":\"2021-02-08T06:56:57+00:00\",\"breadcrumb\":{\"@id\":\"https:\/\/vanha.saagatravel.fi\/?page_id=1187#breadcrumb\"},\"inLanguage\":\"fi\",\"potentialAction\":[{\"@type\":\"ReadAction\",\"target\":[\"https:\/\/vanha.saagatravel.fi\/?page_id=1187\"]}]},{\"@type\":\"BreadcrumbList\",\"@id\":\"https:\/\/vanha.saagatravel.fi\/?page_id=1187#breadcrumb\",\"itemListElement\":[{\"@type\":\"ListItem\",\"position\":1,\"name\":\"Home\",\"item\":\"https:\/\/vanha.saagatravel.fi\/\"},{\"@type\":\"ListItem\",\"position\":2,\"name\":\"Laskutustiedot\"}]},{\"@type\":\"WebSite\",\"@id\":\"https:\/\/vanha.saagatravel.fi\/#website\",\"url\":\"https:\/\/vanha.saagatravel.fi\/\",\"name\":\"Saaga Travel\",\"description\":\"Tilausajot ja ryhm\u00e4kuljetukset Oulun seudulla\",\"publisher\":{\"@id\":\"https:\/\/vanha.saagatravel.fi\/#organization\"},\"potentialAction\":[{\"@type\":\"SearchAction\",\"target\":{\"@type\":\"EntryPoint\",\"urlTemplate\":\"https:\/\/vanha.saagatravel.fi\/?s={search_term_string}\"},\"query-input\":{\"@type\":\"PropertyValueSpecification\",\"valueRequired\":true,\"valueName\":\"search_term_string\"}}],\"inLanguage\":\"fi\"},{\"@type\":\"Organization\",\"@id\":\"https:\/\/vanha.saagatravel.fi\/#organization\",\"name\":\"Saaga Travel Oy\",\"url\":\"https:\/\/vanha.saagatravel.fi\/\",\"logo\":{\"@type\":\"ImageObject\",\"inLanguage\":\"fi\",\"@id\":\"https:\/\/vanha.saagatravel.fi\/#\/schema\/logo\/image\/\",\"url\":\"https:\/\/vanha.saagatravel.fi\/wp-content\/uploads\/2019\/07\/saagat.png\",\"contentUrl\":\"https:\/\/vanha.saagatravel.fi\/wp-content\/uploads\/2019\/07\/saagat.png\",\"width\":500,\"height\":200,\"caption\":\"Saaga Travel Oy\"},\"image\":{\"@id\":\"https:\/\/vanha.saagatravel.fi\/#\/schema\/logo\/image\/\"},\"sameAs\":[\"https:\/\/www.facebook.com\/saagatravel\/\"]}]}<\/script>\n<!-- \/ Yoast SEO plugin. -->","yoast_head_json":{"title":"Laskutustiedot - Saaga Travel","robots":{"index":"noindex","follow":"follow","max-snippet":"max-snippet:-1","max-image-preview":"max-image-preview:large","max-video-preview":"max-video-preview:-1"},"og_locale":"fi_FI","og_type":"article","og_title":"Laskutustiedot - Saaga Travel","og_description":"Olemme siirtyneet s\u00e4hk\u00f6iseen ostolaskujen k\u00e4sittelyyn. Siksi pyyd\u00e4mme toimittamaan kaikki meille osoitetut laskut verkkolaskuina seuraavaan osoitteeseen: Verkkolaskuosoite: 003722133736 Operaattoritunnus: 003708599126 V\u00e4litt\u00e4j\u00e4: Liaison Technologies Oy Mik\u00e4li ette pysty toimittamaan laskuja verkkolaskuina, pyyd\u00e4mme toimittamaan laskut paperisena osoitteeseen: Saaga Travel Oy, Hakatie 15, 90440 Kempele Laskuja voi toimittaa my\u00f6s s\u00e4hk\u00f6postilla osoitteeseen myynti@saagatravel.fi Lis\u00e4tietoja antaa Sanna Kimpim\u00e4ki, sanna@saagatravel.fi, p.040 540 [&hellip;]","og_url":"https:\/\/vanha.saagatravel.fi\/?page_id=1187","og_site_name":"Saaga Travel","article_publisher":"https:\/\/www.facebook.com\/saagatravel\/","article_modified_time":"2021-02-08T06:56:57+00:00","og_image":[{"width":1200,"height":900,"url":"https:\/\/vanha.saagatravel.fi\/wp-content\/uploads\/2019\/07\/Tilausajot-Bussi-Oulu-Saaga-Travel.jpg","type":"image\/jpeg"}],"twitter_card":"summary_large_image","twitter_misc":{"Arvioitu lukuaika":"1 minuutti"},"schema":{"@context":"https:\/\/schema.org","@graph":[{"@type":"WebPage","@id":"https:\/\/vanha.saagatravel.fi\/?page_id=1187","url":"https:\/\/vanha.saagatravel.fi\/?page_id=1187","name":"Laskutustiedot - Saaga Travel","isPartOf":{"@id":"https:\/\/vanha.saagatravel.fi\/#website"},"datePublished":"2019-08-14T14:50:07+00:00","dateModified":"2021-02-08T06:56:57+00:00","breadcrumb":{"@id":"https:\/\/vanha.saagatravel.fi\/?page_id=1187#breadcrumb"},"inLanguage":"fi","potentialAction":[{"@type":"ReadAction","target":["https:\/\/vanha.saagatravel.fi\/?page_id=1187"]}]},{"@type":"BreadcrumbList","@id":"https:\/\/vanha.saagatravel.fi\/?page_id=1187#breadcrumb","itemListElement":[{"@type":"ListItem","position":1,"name":"Home","item":"https:\/\/vanha.saagatravel.fi\/"},{"@type":"ListItem","position":2,"name":"Laskutustiedot"}]},{"@type":"WebSite","@id":"https:\/\/vanha.saagatravel.fi\/#website","url":"https:\/\/vanha.saagatravel.fi\/","name":"Saaga Travel","description":"Tilausajot ja ryhm\u00e4kuljetukset Oulun seudulla","publisher":{"@id":"https:\/\/vanha.saagatravel.fi\/#organization"},"potentialAction":[{"@type":"SearchAction","target":{"@type":"EntryPoint","urlTemplate":"https:\/\/vanha.saagatravel.fi\/?s={search_term_string}"},"query-input":{"@type":"PropertyValueSpecification","valueRequired":true,"valueName":"search_term_string"}}],"inLanguage":"fi"},{"@type":"Organization","@id":"https:\/\/vanha.saagatravel.fi\/#organization","name":"Saaga Travel Oy","url":"https:\/\/vanha.saagatravel.fi\/","logo":{"@type":"ImageObject","inLanguage":"fi","@id":"https:\/\/vanha.saagatravel.fi\/#\/schema\/logo\/image\/","url":"https:\/\/vanha.saagatravel.fi\/wp-content\/uploads\/2019\/07\/saagat.png","contentUrl":"https:\/\/vanha.saagatravel.fi\/wp-content\/uploads\/2019\/07\/saagat.png","width":500,"height":200,"caption":"Saaga Travel Oy"},"image":{"@id":"https:\/\/vanha.saagatravel.fi\/#\/schema\/logo\/image\/"},"sameAs":["https:\/\/www.facebook.com\/saagatravel\/"]}]}},"_links":{"self":[{"href":"https:\/\/vanha.saagatravel.fi\/index.php?rest_route=\/wp\/v2\/pages\/1187"}],"collection":[{"href":"https:\/\/vanha.saagatravel.fi\/index.php?rest_route=\/wp\/v2\/pages"}],"about":[{"href":"https:\/\/vanha.saagatravel.fi\/index.php?rest_route=\/wp\/v2\/types\/page"}],"author":[{"embeddable":true,"href":"https:\/\/vanha.saagatravel.fi\/index.php?rest_route=\/wp\/v2\/users\/1"}],"replies":[{"embeddable":true,"href":"https:\/\/vanha.saagatravel.fi\/index.php?rest_route=%2Fwp%2Fv2%2Fcomments&post=1187"}],"version-history":[{"count":3,"href":"https:\/\/vanha.saagatravel.fi\/index.php?rest_route=\/wp\/v2\/pages\/1187\/revisions"}],"predecessor-version":[{"id":5902,"href":"https:\/\/vanha.saagatravel.fi\/index.php?rest_route=\/wp\/v2\/pages\/1187\/revisions\/5902"}],"wp:attachment":[{"href":"https:\/\/vanha.saagatravel.fi\/index.php?rest_route=%2Fwp%2Fv2%2Fmedia&parent=1187"}],"curies":[{"name":"wp","href":"https:\/\/api.w.org\/{rel}","templated":true}]}}