{"id":1466,"date":"2019-10-09T12:05:16","date_gmt":"2019-10-09T12:05:16","guid":{"rendered":"https:\/\/vanha.saagatravel.fi\/?page_id=1466"},"modified":"2022-10-20T06:41:59","modified_gmt":"2022-10-20T06:41:59","slug":"tilausajot","status":"publish","type":"page","link":"https:\/\/vanha.saagatravel.fi\/?page_id=1466","title":{"rendered":"Tilausajot ja matkapaketit Oulu"},"content":{"rendered":"[et_pb_section fb_built=&#8221;1&#8243; fullwidth=&#8221;on&#8221; _builder_version=&#8221;4.4.2&#8243;][et_pb_fullwidth_image src=&#8221;https:\/\/vanha.saagatravel.fi\/wp-content\/uploads\/2020\/04\/tietoa-meista.jpg&#8221; _builder_version=&#8221;4.4.2&#8243;][\/et_pb_fullwidth_image][\/et_pb_section][et_pb_section fb_built=&#8221;1&#8243; _builder_version=&#8221;4.4.2&#8243;][et_pb_row column_structure=&#8221;3_5,2_5&#8243; _builder_version=&#8221;4.4.2&#8243;][et_pb_column type=&#8221;3_5&#8243; _builder_version=&#8221;4.4.2&#8243;][et_pb_text _builder_version=&#8221;4.9.4&#8243; hover_enabled=&#8221;0&#8243; sticky_enabled=&#8221;0&#8243;]<h1><strong>Tilausajot ja matkapaketit Oulu<\/strong><\/h1>\n<p>Saaga Travel Oulun keskeisi\u00e4 osa-alueita ovat tilausajot ja matkapaketit. Tilausajon voit tilata joko pienelle siirrolle tai pidemm\u00e4lle matkalle. Olemme erikoistuneet palvelemaan my\u00f6s suuria massatapahtumia. Kalustomme mahdollistaa jopa satojen henkil\u00f6iden nopeat siirrot kohteesta toiseen. Monipuolisen kalustomme ansiosta saat aina tarpeeseesi sopivan kaluston.<\/p>\n<p>Matkapaketit laadimme yhteisty\u00f6ss\u00e4 asiakkaan kanssa. Monipuolinen yhteisty\u00f6kumppaniverkostomme takaa ryhm\u00e4llesi kilpailukykyisen kokonaisuuden. Pakettiin voidaan sis\u00e4llytt\u00e4\u00e4 kaikki mit\u00e4 matkallasi tarvitset, majoitukset, ruokailut, laivaliput, opastukset sek\u00e4 muun ohjelman. Meilt\u00e4 l\u00f6ytyy my\u00f6s valmiita ideoita matkasi sis\u00e4ll\u00f6ksi. Tule k\u00e4ym\u00e4\u00e4n, mietit\u00e4\u00e4n yhdess\u00e4 kiva matkakokonaisuus. Matkapaketti voidaan rakentaa my\u00f6s pienemm\u00e4lle ryhm\u00e4lle. Varataan sinulle tarpeesi mukainen kapasiteetti ja myyd\u00e4\u00e4n vapaat paikat matkakauppamme kautta.<span style=\"font-size: inherit;\">\u00a0<\/span><\/p>\n<h3><strong>Ajokalusto<\/strong><span style=\"font-size: inherit; color: #666666;\">\u00a0<\/span><\/h3>\n<p>Kalustomme on monipuolinen. Pienin VIP automme on uusi musta E-sarjan Mercedes. T\u00e4ll\u00e4 autolla 1-3 henkil\u00f6\u00e4 matkustaa todella mukavan turvallisesti kohteesta toiseen.<\/p>\n<p>18 paikkainen VIP Mercedes on hyvin varusteltu. Autossa on langaton internet, n\u00e4ytt\u00f6 jossa voit matkan aikana esitt\u00e4\u00e4 aineistoa suoraan tietokoneeltasi, voit siis tarvittaessa aloittaa kokouksen jo matkan aikana. Auton on varustettu my\u00f6s tablet-tietokoneella josta voit halutessasi soittaa vaikka mielimusiikkia matkustajille. Mik\u00e4li mukananne on paljon matkatavaraa auton voidaan varustaa per\u00e4k\u00e4rryll\u00e4 jossa kulkee kaikki matkatavarat. T\u00e4ll\u00e4 autolla on pienen ryhm\u00e4n mukava matkustaa.<\/p>\n<p>Isompi kalustomme k\u00e4sitt\u00e4\u00e4 bussit aina 79 paikkaiseen j\u00e4ttibussiin saakka. Kaikissa Charter busseissamme on hyv\u00e4t ja monipuoliset varusteet. L\u00f6ytyy langaton internet, kahvikeittimet, langattomat mikrofonit, USB-latauspistokkeet kaikille matkustajille ym.<\/p>\n<p>Kalustomme on siisti\u00e4, monipuolista, hyvin varusteltua ja uudehkoa. Pid\u00e4mme kunnia-asiana tarjota asiakkaillemme aina juuri heid\u00e4n tarpeeseensa sopiva auto.<\/p>\n<p>Turvallisuus on meille ykk\u00f6sasia. Autoissamme on hyv\u00e4t renkaat, laadukkaat valot sek\u00e4 ajanmukaiset turvaj\u00e4rjestelm\u00e4t. Noustessasi Saaga Travelin bussiin voit olla varma ett\u00e4 olet hyviss\u00e4 k\u00e4siss\u00e4.<\/p>\n<p>Kerro tarpeesi, me kerromme millaisella autolla haluamme Ryhm\u00e4\u00e4si palvella.<\/p>\n<p>Pelkk\u00e4 kalusto ei kuitenkaan takaa onnistunutta matkaa. Sen takaa ammattitaitoinen, koulutettu kuljettaja. Panostamme kuljettajien koulutukseen ja toimintamme laatuun todella paljon. Tavoitteemme on palvella ryhm\u00e4\u00e4si niin hyvin, ett\u00e4 seuraavalla kerrallakin valintasi on Saaga Travel.<\/p>\n<p>&nbsp;<\/p>[\/et_pb_text][\/et_pb_column][et_pb_column type=&#8221;2_5&#8243; _builder_version=&#8221;4.4.2&#8243;][et_pb_text _builder_version=&#8221;4.6.6&#8243; custom_padding=&#8221;|||30px|false|false&#8221; border_width_left=&#8221;6px&#8221; border_color_left=&#8221;#f5821f&#8221;]<h2><strong>Kysy lis\u00e4\u00e4\u00a0<\/strong><\/h2>\n<p>myyntipalvelustamme joko puhelimella\u00a0<a href=\"tel:08\u00a0655205100\"><br \/> <\/a>08\u00a0655 5100\u00a0tai s\u00e4hk\u00f6postilla\u00a0<a href=\"mailto:myynti@saagatravel.fi\">myynti@saagatravel.fi<\/a><\/p>[\/et_pb_text][\/et_pb_column][\/et_pb_row][et_pb_row column_structure=&#8221;1_2,1_2&#8243; use_custom_gutter=&#8221;on&#8221; gutter_width=&#8221;1&#8243; _builder_version=&#8221;4.4.2&#8243; width=&#8221;100%&#8221; max_width=&#8221;100%&#8221; custom_margin=&#8221;0px||0px||false|false&#8221; custom_padding=&#8221;0px||0px||false|false&#8221;][et_pb_column type=&#8221;1_2&#8243; _builder_version=&#8221;4.4.2&#8243;][et_pb_text _builder_version=&#8221;4.4.2&#8243; background_image=&#8221;https:\/\/vanha.saagatravel.fi\/wp-content\/uploads\/2020\/04\/isotbussit.jpg&#8221; custom_margin=&#8221;||||false|false&#8221; custom_padding=&#8221;160px||160px||false|false&#8221; link_option_url=&#8221;https:\/\/vanha.saagatravel.fi\/galleria-isotbussit\/&#8221;]<h2 style=\"text-align: center;\"><span style=\"color: #ffffff;\"><strong>Galleria: isot bussit<\/strong><\/span><\/h2>\n<p style=\"text-align: center;\"><strong><img loading=\"lazy\" decoding=\"async\" src=\"https:\/\/vanha.saagatravel.fi\/wp-content\/uploads\/2020\/04\/orange-line.jpg\" width=\"96\" height=\"6\" alt=\"\" class=\"wp-image-4572 alignnone size-full\" \/><\/strong><\/p>[\/et_pb_text][\/et_pb_column][et_pb_column type=&#8221;1_2&#8243; _builder_version=&#8221;4.4.2&#8243;][et_pb_text _builder_version=&#8221;4.4.2&#8243; background_image=&#8221;https:\/\/vanha.saagatravel.fi\/wp-content\/uploads\/2020\/04\/saaga-travelgold.jpg&#8221; custom_margin=&#8221;||||false|false&#8221; custom_padding=&#8221;160px||160px||false|false&#8221; link_option_url=&#8221;https:\/\/vanha.saagatravel.fi\/saagatravelgold\/&#8221;]<h2 style=\"text-align: center;\"><span style=\"color: #ffffff;\"><strong>Galleria: SaagaTravel Gold<\/strong><\/span><\/h2>\n<p style=\"text-align: center;\"><strong><img loading=\"lazy\" decoding=\"async\" src=\"https:\/\/vanha.saagatravel.fi\/wp-content\/uploads\/2020\/04\/orange-line.jpg\" width=\"96\" height=\"6\" alt=\"\" class=\"wp-image-4572 alignnone size-full\" \/><\/strong><\/p>[\/et_pb_text][\/et_pb_column][\/et_pb_row][\/et_pb_section][et_pb_section fb_built=&#8221;1&#8243; _builder_version=&#8221;4.4.2&#8243;][et_pb_row _builder_version=&#8221;4.4.2&#8243;][et_pb_column type=&#8221;4_4&#8243; _builder_version=&#8221;4.4.2&#8243;][et_pb_text _builder_version=&#8221;4.4.2&#8243; text_font_size=&#8221;26px&#8221;]<h2 style=\"text-align: center;\"><strong>Tilaa uutiskirjeemme<\/strong><\/h2>\n<p style=\"text-align: center;\">ja tied\u00e4t ensimm\u00e4isen\u00e4 uusista matkoista ja kohteista<\/p>[\/et_pb_text][et_pb_contact_form captcha=&#8221;off&#8221; email=&#8221;accounts@valfi.fi&#8221; success_message=&#8221;Kiitos viestist\u00e4si! Tulet saamaan jatkossa uutiskirjeemme.&#8221; submit_button_text=&#8221;L\u00e4het\u00e4&#8221; _builder_version=&#8221;4.4.2&#8243; form_field_text_align=&#8221;center&#8221; custom_button=&#8221;on&#8221; button_text_color=&#8221;#ffffff&#8221; button_bg_color=&#8221;#f5821f&#8221; button_icon_placement=&#8221;left&#8221;][et_pb_contact_field field_id=&#8221;Name&#8221; field_title=&#8221;NIMI&#8221; _builder_version=&#8221;4.4.2&#8243; button_text_size__hover_enabled=&#8221;off&#8221; button_one_text_size__hover_enabled=&#8221;off&#8221; button_two_text_size__hover_enabled=&#8221;off&#8221; button_text_color__hover_enabled=&#8221;off&#8221; button_one_text_color__hover_enabled=&#8221;off&#8221; button_two_text_color__hover_enabled=&#8221;off&#8221; button_border_width__hover_enabled=&#8221;off&#8221; button_one_border_width__hover_enabled=&#8221;off&#8221; button_two_border_width__hover_enabled=&#8221;off&#8221; button_border_color__hover_enabled=&#8221;off&#8221; button_one_border_color__hover_enabled=&#8221;off&#8221; button_two_border_color__hover_enabled=&#8221;off&#8221; button_border_radius__hover_enabled=&#8221;off&#8221; button_one_border_radius__hover_enabled=&#8221;off&#8221; button_two_border_radius__hover_enabled=&#8221;off&#8221; button_letter_spacing__hover_enabled=&#8221;off&#8221; button_one_letter_spacing__hover_enabled=&#8221;off&#8221; button_two_letter_spacing__hover_enabled=&#8221;off&#8221; button_bg_color__hover_enabled=&#8221;off&#8221; button_one_bg_color__hover_enabled=&#8221;off&#8221; button_two_bg_color__hover_enabled=&#8221;off&#8221;][\/et_pb_contact_field][et_pb_contact_field field_id=&#8221;Email&#8221; field_title=&#8221;S\u00c4HK\u00d6POSTI&#8221; field_type=&#8221;email&#8221; _builder_version=&#8221;4.4.2&#8243; button_text_size__hover_enabled=&#8221;off&#8221; button_one_text_size__hover_enabled=&#8221;off&#8221; button_two_text_size__hover_enabled=&#8221;off&#8221; button_text_color__hover_enabled=&#8221;off&#8221; button_one_text_color__hover_enabled=&#8221;off&#8221; button_two_text_color__hover_enabled=&#8221;off&#8221; button_border_width__hover_enabled=&#8221;off&#8221; button_one_border_width__hover_enabled=&#8221;off&#8221; button_two_border_width__hover_enabled=&#8221;off&#8221; button_border_color__hover_enabled=&#8221;off&#8221; button_one_border_color__hover_enabled=&#8221;off&#8221; button_two_border_color__hover_enabled=&#8221;off&#8221; button_border_radius__hover_enabled=&#8221;off&#8221; button_one_border_radius__hover_enabled=&#8221;off&#8221; button_two_border_radius__hover_enabled=&#8221;off&#8221; button_letter_spacing__hover_enabled=&#8221;off&#8221; button_one_letter_spacing__hover_enabled=&#8221;off&#8221; button_two_letter_spacing__hover_enabled=&#8221;off&#8221; button_bg_color__hover_enabled=&#8221;off&#8221; button_one_bg_color__hover_enabled=&#8221;off&#8221; button_two_bg_color__hover_enabled=&#8221;off&#8221;][\/et_pb_contact_field][\/et_pb_contact_form][et_pb_code _builder_version=&#8221;4.4.2&#8243;]<style><!-- [et_pb_line_break_holder] -->  .et_contact_bottom_container {<!-- [et_pb_line_break_holder] -->float: inherit!important; *\/<!-- [et_pb_line_break_holder] --><!-- [et_pb_line_break_holder] -->margin-top: -1.5%;<!-- [et_pb_line_break_holder] -->display: -moz-flex;<!-- [et_pb_line_break_holder] -->display: -ms-flex;<!-- [et_pb_line_break_holder] -->display: -webkit-box;<!-- [et_pb_line_break_holder] -->display: -ms-flexbox;<!-- [et_pb_line_break_holder] -->display: flex;<!-- [et_pb_line_break_holder] -->display: compact;<!-- [et_pb_line_break_holder] -->margmargin: 10;<!-- [et_pb_line_break_holder] -->margin: auto!important;<!-- [et_pb_line_break_holder] -->width: 10%!important;<!-- [et_pb_line_break_holder] -->}<!-- [et_pb_line_break_holder] --><\/style>[\/et_pb_code][\/et_pb_column][\/et_pb_row][\/et_pb_section]","protected":false},"excerpt":{"rendered":"<p>Tilausajot ja matkapaketit Oulu Saaga Travel Oulun keskeisi\u00e4 osa-alueita ovat tilausajot ja matkapaketit. Tilausajon voit tilata joko pienelle siirrolle tai pidemm\u00e4lle matkalle. Olemme erikoistuneet palvelemaan my\u00f6s suuria massatapahtumia. Kalustomme mahdollistaa jopa satojen henkil\u00f6iden nopeat siirrot kohteesta toiseen. Monipuolisen kalustomme ansiosta saat aina tarpeeseesi sopivan kaluston. Matkapaketit laadimme yhteisty\u00f6ss\u00e4 asiakkaan kanssa. Monipuolinen yhteisty\u00f6kumppaniverkostomme takaa ryhm\u00e4llesi kilpailukykyisen [&hellip;]<\/p>\n","protected":false},"author":1,"featured_media":0,"parent":0,"menu_order":0,"comment_status":"closed","ping_status":"closed","template":"","meta":{"_et_pb_use_builder":"on","_et_pb_old_content":"<!-- wp:html -->\n[rev_slider alias=\"slider-1-1-1\"][\/rev_slider] <\/p><br><br><\/p>\n<!-- \/wp:html -->\n\n<!-- wp:columns -->\n<div class=\"wp-block-columns\"><!-- wp:column {\"width\":66.66} -->\n<div class=\"wp-block-column\" style=\"flex-basis:66.66%\"><!-- wp:html -->\n<h1>Tilausajot ja matkapaketit<\/h1>\n<!-- \/wp:html -->\n\n<!-- wp:paragraph -->\n<p>Toimintamme keskeisi\u00e4 osa-alueita on tilausajot ja matkapaketit Oulussa ja Pohjois-Suomessa. Tilausajon voit tilata joko pienelle siirrolle tai pidemm\u00e4lle matkalle. Olemme erikoistuneet palvelemaan my\u00f6s suuria massatapahtumia. Kalustomme mahdollistaa jopa satojen henkil\u00f6iden nopeat siirrot kohteesta toiseen. Monipuolisen&nbsp;<em>kalustomme<\/em>&nbsp;ansiosta saat aina tarpeeseesi sopivan&nbsp;<em>kaluston<\/em>.<\/p>\n<!-- \/wp:paragraph -->\n\n<!-- wp:paragraph -->\n<p>Matkapaketit laadimme yhteisty\u00f6ss\u00e4 asiakkaan kanssa. Monipuolinen yhteisty\u00f6kumppaniverkostomme takaa ryhm\u00e4llesi kilpailukykyisen kokonaisuuden. Pakettiin voidaan sis\u00e4llytt\u00e4\u00e4 kaikki mit\u00e4 matkallasi tarvitset, majoitukset, ruokailut, laivaliput, opastukset sek\u00e4 muun ohjelman. Meilt\u00e4 l\u00f6ytyy my\u00f6s valmiita ideoita matkasi sis\u00e4ll\u00f6ksi. Tule k\u00e4ym\u00e4\u00e4n, mietit\u00e4\u00e4n yhdess\u00e4 kiva matkakokonaisuus. Matkapaketti voidaan rakentaa my\u00f6s pienemm\u00e4lle ryhm\u00e4lle. Varataan sinulle tarpeesi mukainen kapasiteetti ja myyd\u00e4\u00e4n vapaat paikat matkakauppamme kautta.<\/p>\n<!-- \/wp:paragraph --><\/div>\n<!-- \/wp:column -->\n\n<!-- wp:column {\"width\":33.33} -->\n<div class=\"wp-block-column\" style=\"flex-basis:33.33%\"><!-- wp:heading -->\n<h2><strong>Kysy lis\u00e4\u00e4&nbsp;<\/strong><\/h2>\n<!-- \/wp:heading -->\n\n<!-- wp:paragraph -->\n<p>myyntipalvelustamme joko puhelimella&nbsp;<a href=\"tel:08\u00a0655205100\"><br>08&nbsp;655 5100<\/a>&nbsp;tai s\u00e4hk\u00f6postilla&nbsp;<a href=\"mailto:myynti@saagatravel.fi\">myynti@saagatravel.fi<\/a><\/p>\n<!-- \/wp:paragraph --><\/div>\n<!-- \/wp:column --><\/div>\n<!-- \/wp:columns -->\n\n<!-- wp:heading {\"align\":\"center\"} -->\n<h2 class=\"has-text-align-center\">Laadukas ajokalusto k\u00e4yt\u00f6ss\u00e4si<\/h2>\n<!-- \/wp:heading -->\n\n<!-- wp:gallery {\"ids\":[\"1893\",\"1897\",\"1880\"]} -->\n<figure class=\"wp-block-gallery columns-3 is-cropped\"><ul class=\"blocks-gallery-grid\"><li class=\"blocks-gallery-item\"><figure><img src=\"https:\/\/vanha.saagatravel.fi\/wp-content\/uploads\/2019\/11\/saagatravel-kuljetus-1024x682.jpg\" alt=\"\" data-id=\"1893\" data-full-url=\"https:\/\/vanha.saagatravel.fi\/wp-content\/uploads\/2019\/11\/saagatravel-kuljetus.jpg\" data-link=\"https:\/\/vanha.saagatravel.fi\/saagatravel-kuljetus\/\" class=\"wp-image-1893\"\/><\/figure><\/li><li class=\"blocks-gallery-item\"><figure><img src=\"https:\/\/vanha.saagatravel.fi\/wp-content\/uploads\/2019\/11\/saaga-bussi-1024x568.jpg\" alt=\"\" data-id=\"1897\" data-full-url=\"https:\/\/vanha.saagatravel.fi\/wp-content\/uploads\/2019\/11\/saaga-bussi.jpg\" data-link=\"https:\/\/vanha.saagatravel.fi\/saaga-bussi\/\" class=\"wp-image-1897\"\/><\/figure><\/li><li class=\"blocks-gallery-item\"><figure><img src=\"https:\/\/vanha.saagatravel.fi\/wp-content\/uploads\/2019\/11\/saaga-kaksikerrosbussi-1024x768.jpg\" alt=\"\" data-id=\"1880\" data-full-url=\"https:\/\/vanha.saagatravel.fi\/wp-content\/uploads\/2019\/11\/saaga-kaksikerrosbussi.jpg\" data-link=\"https:\/\/vanha.saagatravel.fi\/saaga-kaksikerrosbussi\/\" class=\"wp-image-1880\"\/><\/figure><\/li><\/ul><\/figure>\n<!-- \/wp:gallery -->","_et_gb_content_width":"","footnotes":""},"class_list":["post-1466","page","type-page","status-publish","hentry"],"yoast_head":"<!-- This site is optimized with the Yoast SEO plugin v25.6 - https:\/\/yoast.com\/wordpress\/plugins\/seo\/ -->\n<title>Tilausajot ja matkapaketit Oulu - Saaga Travel<\/title>\n<meta name=\"description\" content=\"Tilausajot Oulussa toteuttaa Saaga Travel laadukkaalla ja monipuolisella bussikalustollaan. Meilt\u00e4 my\u00f6s r\u00e4\u00e4t\u00e4l\u00f6idyt matkapaketit ryhm\u00e4llesi.\" \/>\n<meta name=\"robots\" content=\"noindex, follow, max-snippet:-1, max-image-preview:large, max-video-preview:-1\" \/>\n<meta property=\"og:locale\" content=\"fi_FI\" \/>\n<meta property=\"og:type\" content=\"article\" \/>\n<meta property=\"og:title\" content=\"Tilausajot ja matkapaketit Oulu - Saaga Travel\" \/>\n<meta property=\"og:description\" content=\"Tilausajot Oulussa toteuttaa Saaga Travel laadukkaalla ja monipuolisella bussikalustollaan. Meilt\u00e4 my\u00f6s r\u00e4\u00e4t\u00e4l\u00f6idyt matkapaketit ryhm\u00e4llesi.\" \/>\n<meta property=\"og:url\" content=\"https:\/\/vanha.saagatravel.fi\/?page_id=1466\" \/>\n<meta property=\"og:site_name\" content=\"Saaga Travel\" \/>\n<meta property=\"article:publisher\" content=\"https:\/\/www.facebook.com\/saagatravel\/\" \/>\n<meta property=\"article:modified_time\" content=\"2022-10-20T06:41:59+00:00\" \/>\n<meta property=\"og:image\" content=\"https:\/\/vanha.saagatravel.fi\/wp-content\/uploads\/2020\/04\/orange-line.jpg\" \/>\n<meta name=\"twitter:card\" content=\"summary_large_image\" \/>\n<meta name=\"twitter:label1\" content=\"Arvioitu lukuaika\" \/>\n\t<meta name=\"twitter:data1\" content=\"3 minuuttia\" \/>\n<script type=\"application\/ld+json\" class=\"yoast-schema-graph\">{\"@context\":\"https:\/\/schema.org\",\"@graph\":[{\"@type\":\"WebPage\",\"@id\":\"https:\/\/vanha.saagatravel.fi\/?page_id=1466\",\"url\":\"https:\/\/vanha.saagatravel.fi\/?page_id=1466\",\"name\":\"Tilausajot ja matkapaketit Oulu - Saaga Travel\",\"isPartOf\":{\"@id\":\"https:\/\/vanha.saagatravel.fi\/#website\"},\"primaryImageOfPage\":{\"@id\":\"https:\/\/vanha.saagatravel.fi\/?page_id=1466#primaryimage\"},\"image\":{\"@id\":\"https:\/\/vanha.saagatravel.fi\/?page_id=1466#primaryimage\"},\"thumbnailUrl\":\"https:\/\/vanha.saagatravel.fi\/wp-content\/uploads\/2020\/04\/orange-line.jpg\",\"datePublished\":\"2019-10-09T12:05:16+00:00\",\"dateModified\":\"2022-10-20T06:41:59+00:00\",\"description\":\"Tilausajot Oulussa toteuttaa Saaga Travel laadukkaalla ja monipuolisella bussikalustollaan. Meilt\u00e4 my\u00f6s r\u00e4\u00e4t\u00e4l\u00f6idyt matkapaketit ryhm\u00e4llesi.\",\"breadcrumb\":{\"@id\":\"https:\/\/vanha.saagatravel.fi\/?page_id=1466#breadcrumb\"},\"inLanguage\":\"fi\",\"potentialAction\":[{\"@type\":\"ReadAction\",\"target\":[\"https:\/\/vanha.saagatravel.fi\/?page_id=1466\"]}]},{\"@type\":\"ImageObject\",\"inLanguage\":\"fi\",\"@id\":\"https:\/\/vanha.saagatravel.fi\/?page_id=1466#primaryimage\",\"url\":\"https:\/\/vanha.saagatravel.fi\/wp-content\/uploads\/2020\/04\/orange-line.jpg\",\"contentUrl\":\"https:\/\/vanha.saagatravel.fi\/wp-content\/uploads\/2020\/04\/orange-line.jpg\",\"width\":96,\"height\":6},{\"@type\":\"BreadcrumbList\",\"@id\":\"https:\/\/vanha.saagatravel.fi\/?page_id=1466#breadcrumb\",\"itemListElement\":[{\"@type\":\"ListItem\",\"position\":1,\"name\":\"Home\",\"item\":\"https:\/\/vanha.saagatravel.fi\/\"},{\"@type\":\"ListItem\",\"position\":2,\"name\":\"Tilausajot ja matkapaketit Oulu\"}]},{\"@type\":\"WebSite\",\"@id\":\"https:\/\/vanha.saagatravel.fi\/#website\",\"url\":\"https:\/\/vanha.saagatravel.fi\/\",\"name\":\"Saaga Travel\",\"description\":\"Tilausajot ja ryhm\u00e4kuljetukset Oulun seudulla\",\"publisher\":{\"@id\":\"https:\/\/vanha.saagatravel.fi\/#organization\"},\"potentialAction\":[{\"@type\":\"SearchAction\",\"target\":{\"@type\":\"EntryPoint\",\"urlTemplate\":\"https:\/\/vanha.saagatravel.fi\/?s={search_term_string}\"},\"query-input\":{\"@type\":\"PropertyValueSpecification\",\"valueRequired\":true,\"valueName\":\"search_term_string\"}}],\"inLanguage\":\"fi\"},{\"@type\":\"Organization\",\"@id\":\"https:\/\/vanha.saagatravel.fi\/#organization\",\"name\":\"Saaga Travel Oy\",\"url\":\"https:\/\/vanha.saagatravel.fi\/\",\"logo\":{\"@type\":\"ImageObject\",\"inLanguage\":\"fi\",\"@id\":\"https:\/\/vanha.saagatravel.fi\/#\/schema\/logo\/image\/\",\"url\":\"https:\/\/vanha.saagatravel.fi\/wp-content\/uploads\/2019\/07\/saagat.png\",\"contentUrl\":\"https:\/\/vanha.saagatravel.fi\/wp-content\/uploads\/2019\/07\/saagat.png\",\"width\":500,\"height\":200,\"caption\":\"Saaga Travel Oy\"},\"image\":{\"@id\":\"https:\/\/vanha.saagatravel.fi\/#\/schema\/logo\/image\/\"},\"sameAs\":[\"https:\/\/www.facebook.com\/saagatravel\/\"]}]}<\/script>\n<!-- \/ Yoast SEO plugin. -->","yoast_head_json":{"title":"Tilausajot ja matkapaketit Oulu - Saaga Travel","description":"Tilausajot Oulussa toteuttaa Saaga Travel laadukkaalla ja monipuolisella bussikalustollaan. Meilt\u00e4 my\u00f6s r\u00e4\u00e4t\u00e4l\u00f6idyt matkapaketit ryhm\u00e4llesi.","robots":{"index":"noindex","follow":"follow","max-snippet":"max-snippet:-1","max-image-preview":"max-image-preview:large","max-video-preview":"max-video-preview:-1"},"og_locale":"fi_FI","og_type":"article","og_title":"Tilausajot ja matkapaketit Oulu - Saaga Travel","og_description":"Tilausajot Oulussa toteuttaa Saaga Travel laadukkaalla ja monipuolisella bussikalustollaan. Meilt\u00e4 my\u00f6s r\u00e4\u00e4t\u00e4l\u00f6idyt matkapaketit ryhm\u00e4llesi.","og_url":"https:\/\/vanha.saagatravel.fi\/?page_id=1466","og_site_name":"Saaga Travel","article_publisher":"https:\/\/www.facebook.com\/saagatravel\/","article_modified_time":"2022-10-20T06:41:59+00:00","og_image":[{"url":"https:\/\/vanha.saagatravel.fi\/wp-content\/uploads\/2020\/04\/orange-line.jpg","type":"","width":"","height":""}],"twitter_card":"summary_large_image","twitter_misc":{"Arvioitu lukuaika":"3 minuuttia"},"schema":{"@context":"https:\/\/schema.org","@graph":[{"@type":"WebPage","@id":"https:\/\/vanha.saagatravel.fi\/?page_id=1466","url":"https:\/\/vanha.saagatravel.fi\/?page_id=1466","name":"Tilausajot ja matkapaketit Oulu - Saaga Travel","isPartOf":{"@id":"https:\/\/vanha.saagatravel.fi\/#website"},"primaryImageOfPage":{"@id":"https:\/\/vanha.saagatravel.fi\/?page_id=1466#primaryimage"},"image":{"@id":"https:\/\/vanha.saagatravel.fi\/?page_id=1466#primaryimage"},"thumbnailUrl":"https:\/\/vanha.saagatravel.fi\/wp-content\/uploads\/2020\/04\/orange-line.jpg","datePublished":"2019-10-09T12:05:16+00:00","dateModified":"2022-10-20T06:41:59+00:00","description":"Tilausajot Oulussa toteuttaa Saaga Travel laadukkaalla ja monipuolisella bussikalustollaan. Meilt\u00e4 my\u00f6s r\u00e4\u00e4t\u00e4l\u00f6idyt matkapaketit ryhm\u00e4llesi.","breadcrumb":{"@id":"https:\/\/vanha.saagatravel.fi\/?page_id=1466#breadcrumb"},"inLanguage":"fi","potentialAction":[{"@type":"ReadAction","target":["https:\/\/vanha.saagatravel.fi\/?page_id=1466"]}]},{"@type":"ImageObject","inLanguage":"fi","@id":"https:\/\/vanha.saagatravel.fi\/?page_id=1466#primaryimage","url":"https:\/\/vanha.saagatravel.fi\/wp-content\/uploads\/2020\/04\/orange-line.jpg","contentUrl":"https:\/\/vanha.saagatravel.fi\/wp-content\/uploads\/2020\/04\/orange-line.jpg","width":96,"height":6},{"@type":"BreadcrumbList","@id":"https:\/\/vanha.saagatravel.fi\/?page_id=1466#breadcrumb","itemListElement":[{"@type":"ListItem","position":1,"name":"Home","item":"https:\/\/vanha.saagatravel.fi\/"},{"@type":"ListItem","position":2,"name":"Tilausajot ja matkapaketit Oulu"}]},{"@type":"WebSite","@id":"https:\/\/vanha.saagatravel.fi\/#website","url":"https:\/\/vanha.saagatravel.fi\/","name":"Saaga Travel","description":"Tilausajot ja ryhm\u00e4kuljetukset Oulun seudulla","publisher":{"@id":"https:\/\/vanha.saagatravel.fi\/#organization"},"potentialAction":[{"@type":"SearchAction","target":{"@type":"EntryPoint","urlTemplate":"https:\/\/vanha.saagatravel.fi\/?s={search_term_string}"},"query-input":{"@type":"PropertyValueSpecification","valueRequired":true,"valueName":"search_term_string"}}],"inLanguage":"fi"},{"@type":"Organization","@id":"https:\/\/vanha.saagatravel.fi\/#organization","name":"Saaga Travel Oy","url":"https:\/\/vanha.saagatravel.fi\/","logo":{"@type":"ImageObject","inLanguage":"fi","@id":"https:\/\/vanha.saagatravel.fi\/#\/schema\/logo\/image\/","url":"https:\/\/vanha.saagatravel.fi\/wp-content\/uploads\/2019\/07\/saagat.png","contentUrl":"https:\/\/vanha.saagatravel.fi\/wp-content\/uploads\/2019\/07\/saagat.png","width":500,"height":200,"caption":"Saaga Travel Oy"},"image":{"@id":"https:\/\/vanha.saagatravel.fi\/#\/schema\/logo\/image\/"},"sameAs":["https:\/\/www.facebook.com\/saagatravel\/"]}]}},"_links":{"self":[{"href":"https:\/\/vanha.saagatravel.fi\/index.php?rest_route=\/wp\/v2\/pages\/1466"}],"collection":[{"href":"https:\/\/vanha.saagatravel.fi\/index.php?rest_route=\/wp\/v2\/pages"}],"about":[{"href":"https:\/\/vanha.saagatravel.fi\/index.php?rest_route=\/wp\/v2\/types\/page"}],"author":[{"embeddable":true,"href":"https:\/\/vanha.saagatravel.fi\/index.php?rest_route=\/wp\/v2\/users\/1"}],"replies":[{"embeddable":true,"href":"https:\/\/vanha.saagatravel.fi\/index.php?rest_route=%2Fwp%2Fv2%2Fcomments&post=1466"}],"version-history":[{"count":54,"href":"https:\/\/vanha.saagatravel.fi\/index.php?rest_route=\/wp\/v2\/pages\/1466\/revisions"}],"predecessor-version":[{"id":13707,"href":"https:\/\/vanha.saagatravel.fi\/index.php?rest_route=\/wp\/v2\/pages\/1466\/revisions\/13707"}],"wp:attachment":[{"href":"https:\/\/vanha.saagatravel.fi\/index.php?rest_route=%2Fwp%2Fv2%2Fmedia&parent=1466"}],"curies":[{"name":"wp","href":"https:\/\/api.w.org\/{rel}","templated":true}]}}